is the millions digit of 1101223?
1
What is the ten thousands digit of 271332?
7
What is the thousands digit of 251955?
1
What is the tens digit of 281704?
0
What is the millions digit of 21800537?
1
What is the hundred thousands digit of 252468?
2
What is the thousands digit of 197219?
7
What is the hundred thousands digit of 5639436?
6
What is the ten thousands digit of 1554768?
5
What is the thousands digit of 817524?
7
What is the thousands digit of 7064713?
4
What is the hundred thousands digit of 2751855?
7
What is the thousands digit of 545392?
5
What is the units digit of 30521387?
7
What is the units digit of 1138550?
0
What is the units digit of 10916376?
6
What is the ten thousands digit of 1381307?
8
What is the ten thousands digit of 3788528?
8
What is the tens digit of 7291874?
7
What is the hundred thousands digit of 4415176?
4
What is the thousands digit of 10628?
0
What is the hundred thousands digit of 887825?
8
What is the millions digit of 3251469?
3
What is the ten thousands digit of 3771441?
7
What is the units digit of 2798601?
1
What is the hundreds digit of 23775365?
3
What is the units digit of 2258545?
5
What is the units digit of 7614611?
1
What is the ten thousands digit of 189718?
8
What is the millions digit of 17923243?
7
What is the tens digit of 5455081?
8
What is the hundred thousands digit of 7038290?
0
What is the hundreds digit of 30025462?
4
What is the millions digit of 4531580?
4
What is the units digit of 884067?
7
What is the thousands digit of 10377637?
7
What is the hundred thousands digit of 3315557?
3
What is the thousands digit of 2530212?
0
What is the tens digit of 175998?
9
What is the units digit of 25796746?
6
What is the ten thousands digit of 444813?
4
What is the millions digit of 10151179?
0
What is the thousands digit of 2502276?
2
What is the thousands digit of 3848626?
8
What is the millions digit of 1098614?
1
What is the hundreds digit of 218447?
4
What is the hundred thousands digit of 1698795?
6
What is the hundreds digit of 3640194?
1
What is the thousands digit of 67460?
7
What is the hundreds digit of 777717?
7
What is the hundred thousands digit of 6732150?
7
What is the thousands digit of 7541838?
1
What is the ten thousands digit of 1015487?
1
What is the ten thousands digit of 7736837?
3
What is the thousands digit of 425408?
5
What is the tens digit of 5772172?
7
What is the units digit of 1229839?
9
What is the thousands digit of 13077?
3
What is the thousands digit of 2556463?
6
What is the thousands digit of 2128439?
8
What is the hundred thousands digit of 4027020?
0
What is the hundred thousands digit of 22781984?
7
What is the hundreds digit of 488951?
9
What is the units digit of 86531?
1
What is the hundreds digit of 510254?
2
What is the hundred thousands digit of 1244330?
2
What is the ten thousands digit of 258640?
5
What is the hundreds digit of 9479053?
0
What is the thousands digit of 1294094?
4
What is the units digit of 55885?
5
What is the thousands digit of 5815318?
5
What is the hundreds digit of 198285?
2
What is the units digit of 18195065?
5
What is the hundreds digit of 163760?
7
What is the tens digit of 231927?
2
What is the thousands digit of 3151568?
1
What is the thousands digit of 382267?
2
What is the units digit of 1171734?
4
What is the hundreds digit of 82457?
4
What is the tens digit of 95781?
8
What is the hundred thousands digit of 938493?
9
What is the tens digit of 452122?
2
What is the hundreds digit of 10056504?
5
What is the thousands digit of 17947978?
7
What is the tens digit of 1602298?
9
What is the tens digit of 246910?
1
What is the tens digit of 1479794?
9
What is the thousands digit of 365047?
5
What is the thousands digit of 6867392?
7
What is the units digit of 7474346?
6
What is the units digit of 657974?
4
What is the units digit of 11724290?
0
What is the tens digit of 76052?
5
What is the hundreds digit of 13242485?
4
What is the hundreds digit of 825459?
4
What is the millions digit of 15420211?
5
What is the units digit of 326829?
9
What is the thousands digit of 64733?
4
What is the ten millions digit of 11825250?
1
What is the hundreds digit of 11722921?
9
What is the hundred thousands digit of 619049?
6
What is the thousands digit of 769408?
9
What is the hundreds digit of 1041086?
0
What is the units digit of 2138423?
3
What is the ten thousands digit of 39338?
3
What is the thousands digit of 49493?
9
What is the tens digit of 96208?
0
What is the ten thousands digit of 359564?
5
What is the hundred thousands digit of 9458312?
4
What is the ten thousands digit of 16118?
1
What is the ten thousands digit of 206900?
0
What is the tens digit of 177714?
1
What is the tens digit of 638990?
9
What is the thousands digit of 21453487?
3
What is the hundreds digit of 9776827?
8
What is the units digit of 789526?
6
What is the ten thousands digit of 109207?
0
What is the ten thousands digit of 1942421?
4
What is the hundreds digit of 263162?
1
What is the millions digit of 29536936?
9
What is the tens digit of 267410?
1
What is the tens digit of 305180?
8
What is the thousands digit of 3631?
3
What is the hundreds digit of 942692?
6
What is the hundred thousands digit of 1568476?
5
What is the ten thousands digit of 1394845?
9
What is the hundreds digit of 491550?
5
What is the tens digit of 206336?
3
What is the hundred thousands digit of 353287?
3
What is the tens digit of 10064172?
7
What is the hundred thousands digit of 5301951?
3
What is the ten thousands digit of 468251?
6
What is the tens digit of 565035?
3
What is the ten thousands digit of 150869?
5
What is the hundreds digit of 3151193?
1
What is the hundreds digit of 19852317?
3
What is the hundreds digit of 328200?
2
What is the ten thousands digit of 1964187?
6
What is the millions digit of 3218682?
3
What is the tens digit of 6167860?
6
What is the ten thousands digit of 226204?
2
What is the hundreds digit of 6620888?
8
What is the units digit of 7337471?
1
What is the thousands digit of 209248?
9
What is the millions digit of 1038726?
1
What is the ten thousands digit of 9797017?
9
What is the units digit of 27437821?
1
What is the units digit of 642545?
5
What is the hundreds digit of 116684?
6
What is the ten thousands digit of 636288?
3
What is the millions digit of 1728598?
1
What is the hundreds digit of 3433519?
5
What is the tens digit of 9482258?
5
What is the units digit of 7558867?
7
What is the millions digit of 3222603?
3
What is the ten thousands digit of 122766?
2
What is the units digit of 13476958?
8
What is the ten thousands digit of 16470?
1
What is the units digit of 3107193?
3
What is the hundred thousands digit of 28212653?
2
What is the hundred thousands digit of 238093?
2
What is the ten thousands digit of 4640531?
4
What is the units digit of 181505?
5
What is the hundreds digit of 534400?
4
What is the units digit of 8226062?
2
What is the tens digit of 1691573?
7
What is the thousands digit of 30805?
0
What is the hundred thousands digit of 1678997?
6
What is the ten thousands digit of 129676?
2
What is the units digit of 109517?
7
What is the ten thousands digit of 3304734?
0
What is the thousands digit of 566021?
6
What is the hundreds digit of 39403580?
5
What is the ten thousands digit of 20506880?
0
What is the tens digit of 322635?
3
What is the tens digit of 1771671?
7
What is the millions digit of 4641619?
4
What is the ten thousands digit of 26811?
2
What is the tens digit of 1894297?
9
What is the tens digit of 4448613?
1
What is the units digit of 4064690?
0
What is the hundreds digit of 17483?
4
What is the millions digit of 1614598?
1
What is the thousands digit of 8671408?
1
What is the hundreds digit of 100827?
8
What is the ten thousands digit of 678735?
7
What is the thousands digit of 591759?
1
What is the units digit of 425079?
9
What is the hundreds digit of 65409?
4
What is the thousands digit of 194180?
4
What is the hundreds digit of 226344?
3
What is the hundreds digit of 2405459?
4
What is the tens digit of 1997770?
7
What is the units digit of 1967230?
0
What is the units digit of 249453?
3
What is the thousands digit of 4377362?
7
What is the tens digit of 139400?
0
What is the hundreds digit of 30